{"id":2804,"date":"2019-06-20T20:41:36","date_gmt":"2019-06-20T20:41:36","guid":{"rendered":"http:\/\/starmoonland.com\/weblog\/?page_id=2804"},"modified":"2019-08-12T18:49:57","modified_gmt":"2019-08-12T18:49:57","slug":"projetos-web","status":"publish","type":"page","link":"https:\/\/starmoonland.com\/weblog\/artbook\/projetos-web\/","title":{"rendered":"Projetos Web"},"content":{"rendered":"\n<div class=\"wp-block-media-text alignwide\"><figure class=\"wp-block-media-text__media\"><img loading=\"lazy\" decoding=\"async\" width=\"1024\" height=\"523\" src=\"http:\/\/starmoonland.com\/weblog\/wp-content\/uploads\/2019\/06\/home-1-1024x523.png\" alt=\"\" class=\"wp-image-2964\" srcset=\"https:\/\/starmoonland.com\/weblog\/wp-content\/uploads\/2019\/06\/home-1-1024x523.png 1024w, https:\/\/starmoonland.com\/weblog\/wp-content\/uploads\/2019\/06\/home-1-300x153.png 300w, https:\/\/starmoonland.com\/weblog\/wp-content\/uploads\/2019\/06\/home-1-768x392.png 768w, https:\/\/starmoonland.com\/weblog\/wp-content\/uploads\/2019\/06\/home-1.png 1920w\" sizes=\"auto, (max-width: 1024px) 100vw, 1024px\" \/><\/figure><div class=\"wp-block-media-text__content\">\n<div class=\"wp-block-button\"><a class=\"wp-block-button__link\" href=\"http:\/\/starmoonland.com\/weblog\/artbook\/arte-e-design\/projetos-web\/e-commerce-creative-signs\/\">E-commerce &#8211; C.Signs<\/a><\/div>\n\n\n\n<p class=\"has-small-font-size\">Cria\u00e7\u00e3o de marca e E-commerce.<\/p>\n<\/div><\/div>\n\n\n\n<hr class=\"wp-block-separator\"\/>\n\n\n\n<div class=\"wp-block-media-text alignwide\"><figure class=\"wp-block-media-text__media\"><img loading=\"lazy\" decoding=\"async\" width=\"1024\" height=\"523\" src=\"http:\/\/starmoonland.com\/weblog\/wp-content\/uploads\/2019\/06\/capa-site-regina-1024x523.png\" alt=\"\" class=\"wp-image-2852\" srcset=\"https:\/\/starmoonland.com\/weblog\/wp-content\/uploads\/2019\/06\/capa-site-regina-1024x523.png 1024w, https:\/\/starmoonland.com\/weblog\/wp-content\/uploads\/2019\/06\/capa-site-regina-300x153.png 300w, https:\/\/starmoonland.com\/weblog\/wp-content\/uploads\/2019\/06\/capa-site-regina-768x392.png 768w, https:\/\/starmoonland.com\/weblog\/wp-content\/uploads\/2019\/06\/capa-site-regina.png 1920w\" sizes=\"auto, (max-width: 1024px) 100vw, 1024px\" \/><\/figure><div class=\"wp-block-media-text__content\">\n<div class=\"wp-block-button\"><a class=\"wp-block-button__link\" href=\"http:\/\/starmoonland.com\/weblog\/artbook\/arte-e-design\/projetos-web\/site-da-artista-regina-f-helou\/\">Site &#8211; Artista Plastica<\/a><\/div>\n\n\n\n<p class=\"has-small-font-size\">Cria\u00e7\u00e3o de p\u00e1gina web\/portf\u00f3lio da artista.<\/p>\n<\/div><\/div>\n\n\n\n<p><\/p>\n","protected":false},"excerpt":{"rendered":"","protected":false},"author":1,"featured_media":0,"parent":51,"menu_order":0,"comment_status":"closed","ping_status":"closed","template":"","meta":{"_acf_changed":false,"footnotes":""},"categories":[26,673],"tags":[],"class_list":["post-2804","page","type-page","status-publish","hentry","category-portfolio","category-projetos-web"],"acf":[],"_links":{"self":[{"href":"https:\/\/starmoonland.com\/weblog\/wp-json\/wp\/v2\/pages\/2804","targetHints":{"allow":["GET"]}}],"collection":[{"href":"https:\/\/starmoonland.com\/weblog\/wp-json\/wp\/v2\/pages"}],"about":[{"href":"https:\/\/starmoonland.com\/weblog\/wp-json\/wp\/v2\/types\/page"}],"author":[{"embeddable":true,"href":"https:\/\/starmoonland.com\/weblog\/wp-json\/wp\/v2\/users\/1"}],"replies":[{"embeddable":true,"href":"https:\/\/starmoonland.com\/weblog\/wp-json\/wp\/v2\/comments?post=2804"}],"version-history":[{"count":7,"href":"https:\/\/starmoonland.com\/weblog\/wp-json\/wp\/v2\/pages\/2804\/revisions"}],"predecessor-version":[{"id":3308,"href":"https:\/\/starmoonland.com\/weblog\/wp-json\/wp\/v2\/pages\/2804\/revisions\/3308"}],"up":[{"embeddable":true,"href":"https:\/\/starmoonland.com\/weblog\/wp-json\/wp\/v2\/pages\/51"}],"wp:attachment":[{"href":"https:\/\/starmoonland.com\/weblog\/wp-json\/wp\/v2\/media?parent=2804"}],"wp:term":[{"taxonomy":"category","embeddable":true,"href":"https:\/\/starmoonland.com\/weblog\/wp-json\/wp\/v2\/categories?post=2804"},{"taxonomy":"post_tag","embeddable":true,"href":"https:\/\/starmoonland.com\/weblog\/wp-json\/wp\/v2\/tags?post=2804"}],"curies":[{"name":"wp","href":"https:\/\/api.w.org\/{rel}","templated":true}]}}